{"id":1082,"date":"2023-12-19T13:32:20","date_gmt":"2023-12-19T18:32:20","guid":{"rendered":"https:\/\/www.lifeinmercy.org\/?post_type=product&#038;p=1082"},"modified":"2025-03-22T20:00:49","modified_gmt":"2025-03-23T01:00:49","slug":"st-jose-luis-sanchez","status":"publish","type":"product","link":"https:\/\/www.lifeinmercy.org\/index.php\/product\/st-jose-luis-sanchez\/","title":{"rendered":"San Jos\u00e9 Lu\u00eds S\u00e1nchez"},"content":{"rendered":"","protected":false},"excerpt":{"rendered":"","protected":false},"featured_media":1084,"comment_status":"open","ping_status":"closed","template":"","meta":{"_acf_changed":false,"_eb_attr":"","_joinchat":{"telephone":"+18327481058"}},"product_brand":[],"product_cat":[47],"product_tag":[43,104,42,48],"class_list":{"0":"post-1082","1":"product","2":"type-product","3":"status-publish","4":"has-post-thumbnail","6":"product_cat-saint","7":"product_tag-doll","8":"product_tag-jose-luis-sanchez","9":"product_tag-plush","10":"product_tag-saint","12":"first","13":"instock","14":"shipping-taxable","15":"purchasable","16":"product-type-simple"},"acf":[],"jetpack_sharing_enabled":true,"_links":{"self":[{"href":"https:\/\/www.lifeinmercy.org\/index.php\/wp-json\/wp\/v2\/product\/1082","targetHints":{"allow":["GET"]}}],"collection":[{"href":"https:\/\/www.lifeinmercy.org\/index.php\/wp-json\/wp\/v2\/product"}],"about":[{"href":"https:\/\/www.lifeinmercy.org\/index.php\/wp-json\/wp\/v2\/types\/product"}],"replies":[{"embeddable":true,"href":"https:\/\/www.lifeinmercy.org\/index.php\/wp-json\/wp\/v2\/comments?post=1082"}],"wp:featuredmedia":[{"embeddable":true,"href":"https:\/\/www.lifeinmercy.org\/index.php\/wp-json\/wp\/v2\/media\/1084"}],"wp:attachment":[{"href":"https:\/\/www.lifeinmercy.org\/index.php\/wp-json\/wp\/v2\/media?parent=1082"}],"wp:term":[{"taxonomy":"product_brand","embeddable":true,"href":"https:\/\/www.lifeinmercy.org\/index.php\/wp-json\/wp\/v2\/product_brand?post=1082"},{"taxonomy":"product_cat","embeddable":true,"href":"https:\/\/www.lifeinmercy.org\/index.php\/wp-json\/wp\/v2\/product_cat?post=1082"},{"taxonomy":"product_tag","embeddable":true,"href":"https:\/\/www.lifeinmercy.org\/index.php\/wp-json\/wp\/v2\/product_tag?post=1082"}],"curies":[{"name":"wp","href":"https:\/\/api.w.org\/{rel}","templated":true}]}}