{"id":1122,"date":"2024-11-01T16:58:51","date_gmt":"2024-11-01T21:58:51","guid":{"rendered":"https:\/\/www.lifeinmercy.org\/?post_type=product&#038;p=1122"},"modified":"2025-03-22T17:08:05","modified_gmt":"2025-03-22T22:08:05","slug":"peluche-de-la-virgen-del-perpetuo-socorro","status":"publish","type":"product","link":"https:\/\/www.lifeinmercy.org\/index.php\/product\/peluche-de-la-virgen-del-perpetuo-socorro\/","title":{"rendered":"Virgen del Perpetuo Socorro"},"content":{"rendered":"<p>Este tierno peluche de la Virgen del Perpetuo Socorro es un s\u00edmbolo de amor y protecci\u00f3n. Representa a la Virgen sosteniendo al Ni\u00f1o Jes\u00fas, quien mira con confianza a su madre, transmitiendo un mensaje de consuelo y apoyo. Confeccionado en materiales suaves y seguros, este peluche es ideal para que los ni\u00f1os lo abracen y lo utilicen como compa\u00f1ero de juego. Su expresi\u00f3n serena y maternal inspira tranquilidad y fe, convirti\u00e9ndolo en un recurso valioso para momentos de oraci\u00f3n y reflexi\u00f3n familiar. Perfecto como regalo significativo o para decorar el hogar con un toque espiritual.<\/p>\n","protected":false},"excerpt":{"rendered":"<p>Este tierno peluche de la Virgen del Perpetuo Socorro es un s\u00edmbolo de amor y protecci\u00f3n. Representa a la Virgen sosteniendo al Ni\u00f1o Jes\u00fas, quien<a href=\"https:\/\/www.lifeinmercy.org\/index.php\/product\/peluche-de-la-virgen-del-perpetuo-socorro\/\" class=\"more-link\">View More<\/a><\/p>\n","protected":false},"featured_media":1123,"comment_status":"open","ping_status":"closed","template":"","meta":{"_acf_changed":false,"_eb_attr":"","_joinchat":[]},"product_brand":[],"product_cat":[40],"product_tag":[111,115,132,133,33,134,109],"class_list":{"0":"post-1122","1":"product","2":"type-product","3":"status-publish","4":"has-post-thumbnail","6":"product_cat-virgin-mary","7":"product_tag-amor","8":"product_tag-dios","9":"product_tag-madre","10":"product_tag-madre-de-dios","11":"product_tag-maria","12":"product_tag-perpetuo-socorro","13":"product_tag-virgen-maria","15":"first","16":"instock","17":"shipping-taxable","18":"purchasable","19":"product-type-simple"},"acf":[],"jetpack_sharing_enabled":true,"_links":{"self":[{"href":"https:\/\/www.lifeinmercy.org\/index.php\/wp-json\/wp\/v2\/product\/1122","targetHints":{"allow":["GET"]}}],"collection":[{"href":"https:\/\/www.lifeinmercy.org\/index.php\/wp-json\/wp\/v2\/product"}],"about":[{"href":"https:\/\/www.lifeinmercy.org\/index.php\/wp-json\/wp\/v2\/types\/product"}],"replies":[{"embeddable":true,"href":"https:\/\/www.lifeinmercy.org\/index.php\/wp-json\/wp\/v2\/comments?post=1122"}],"wp:featuredmedia":[{"embeddable":true,"href":"https:\/\/www.lifeinmercy.org\/index.php\/wp-json\/wp\/v2\/media\/1123"}],"wp:attachment":[{"href":"https:\/\/www.lifeinmercy.org\/index.php\/wp-json\/wp\/v2\/media?parent=1122"}],"wp:term":[{"taxonomy":"product_brand","embeddable":true,"href":"https:\/\/www.lifeinmercy.org\/index.php\/wp-json\/wp\/v2\/product_brand?post=1122"},{"taxonomy":"product_cat","embeddable":true,"href":"https:\/\/www.lifeinmercy.org\/index.php\/wp-json\/wp\/v2\/product_cat?post=1122"},{"taxonomy":"product_tag","embeddable":true,"href":"https:\/\/www.lifeinmercy.org\/index.php\/wp-json\/wp\/v2\/product_tag?post=1122"}],"curies":[{"name":"wp","href":"https:\/\/api.w.org\/{rel}","templated":true}]}}